613, 12757
List the prime factors of 70149511.
70149511
What are the prime factors of 81552984?
2, 3, 1259, 2699
What are the prime factors of 68109672?
2, 3, 61, 46523
What are the prime factors of 133042194?
2, 3, 83, 89051
What are the prime factors of 65045757?
3, 7, 17, 182201
What are the prime factors of 56921371?
13, 47, 59, 1579
What are the prime factors of 813925796?
2, 17, 11969497
What are the prime factors of 906688728?
2, 3, 11, 131, 971
List the prime factors of 3281539659.
3, 1093846553
What are the prime factors of 189195946?
2, 1493, 63361
List the prime factors of 1003744870.
2, 5, 100374487
What are the prime factors of 151010282?
2, 73, 1034317
List the prime factors of 843737954.
2, 173, 823, 2963
List the prime factors of 236681273.
59, 223, 17989
List the prime factors of 344982969.
3, 1419683
List the prime factors of 276378132.
2, 3, 269, 85619
List the prime factors of 368413232.
2, 11, 2093257
List the prime factors of 1465535714.
2, 732767857
What are the prime factors of 5118625148?
2, 7, 13, 223, 63059
What are the prime factors of 127327902?
2, 3, 13, 43, 37963
List the prime factors of 93779364.
2, 3, 7, 19, 67, 877
What are the prime factors of 253798782?
2, 3, 42299797
List the prime factors of 716831794.
2, 7, 67, 607, 1259
List the prime factors of 283373295.
3, 5, 109, 263, 659
List the prime factors of 12018616.
2, 1502327
List the prime factors of 867667087.
7, 761, 162881
List the prime factors of 792534218.
2, 7, 56609587
List the prime factors of 2542020954.
2, 3, 11, 38515469
List the prime factors of 65673180.
2, 3, 5, 13513
What are the prime factors of 291116961?
3, 173, 181, 1033
List the prime factors of 141901401.
3, 37, 1278391
What are the prime factors of 104614815?
3, 5, 6974321
What are the prime factors of 42346624?
2, 47, 7039
What are the prime factors of 32773108?
2, 241, 33997
What are the prime factors of 303666090?
2, 3, 5, 7, 13, 41, 2713
List the prime factors of 2768569978.
2, 1384284989
What are the prime factors of 2721978034?
2, 251, 5422267
What are the prime factors of 2693831838?
2, 3, 73, 6150301
List the prime factors of 875883.
3, 41, 7121
List the prime factors of 16569111.
3, 13, 424849
List the prime factors of 233275013.
233275013
List the prime factors of 2031191750.
2, 5, 7, 1160681
What are the prime factors of 1261424139?
3, 420474713
List the prime factors of 1460355435.
3, 5, 7, 11, 421459
List the prime factors of 346297692.
2, 3, 13, 47, 73, 647
List the prime factors of 29547107.
809, 36523
What are the prime factors of 178732506?
2, 3, 19, 1567829
List the prime factors of 1104418211.
13, 6535019
What are the prime factors of 709779406?
2, 7, 2243, 3229
List the prime factors of 67576238.
2, 71, 475889
List the prime factors of 26114511.
3, 8704837
What are the prime factors of 141155135?
5, 11, 491, 5227
What are the prime factors of 158495824?
2, 9905989
List the prime factors of 10507746.
2, 3, 1751291
What are the prime factors of 1024199460?
2, 3, 5, 761, 7477
List the prime factors of 320003840.
2, 5, 13, 19231
List the prime factors of 583083102.
2, 3, 7, 17, 97, 8419
What are the prime factors of 381401413?
5023, 75931
List the prime factors of 274485842.
2, 17, 31, 15319
What are the prime factors of 514734119?
514734119
What are the prime factors of 15688448?
2, 61283
List the prime factors of 1144636144.
2, 37, 293, 6599
List the prime factors of 75420453.
3, 1949, 12899
List the prime factors of 62958367.
62958367
List the prime factors of 577867349.
17, 19, 105239
List the prime factors of 49667007.
3, 13, 19, 97, 691
What are the prime factors of 14993497?
181, 82837
List the prime factors of 750377519.
83, 9040693
What are the prime factors of 75922278?
2, 3, 107, 118259
List the prime factors of 37401656.
2, 4675207
List the prime factors of 46320470.
2, 5, 7, 661721
List the prime factors of 638326.
2, 13, 24551
What are the prime factors of 262155568?
2, 16384723
List the prime factors of 3677639981.
19, 2837, 68227
What are the prime factors of 1901780316?
2, 3, 37, 475921
List the prime factors of 6018297.
3, 353, 5683
What are the prime factors of 7629116?
2, 11, 41, 4229
List the prime factors of 122413364.
2, 419, 73039
What are the prime factors of 2557138822?
2, 7, 182652773
List the prime factors of 7144222.
2, 1489, 2399
What are the prime factors of 1246735814?
2, 79, 7890733
What are the prime factors of 52138085?
5, 29, 103, 3491
What are the prime factors of 2100782452?
2, 521, 677, 1489
List the prime factors of 77601353.
479, 162007
List the prime factors of 18424490.
2, 5, 7, 19, 1979
What are the prime factors of 46852702?
2, 13, 23, 47, 1667
List the prime factors of 376951243.
376951243
List the prime factors of 6277903089.
3, 17, 349, 352711
List the prime factors of 3856529.
109, 35381
List the prime factors of 164628698.
2, 13, 6331873
List the prime factors of 3307344592.
2, 19, 59, 97, 1901
List the prime factors of 1623674412.
2, 3, 19, 1459, 1627
What are the prime factors of 523829878?
2, 11, 13, 31, 59083
What are the prime factors of 361706431?
361706431
What are the prime factors of 643111507?
643111507
List the prime factors of 823627235.
5, 151, 1090897
What are the prime factors of 128050923?
3, 7, 11, 13, 42641
What are the prime factors of 61611895?
5, 257, 47947
List the prime factors of 62041091.
7, 8863013
What are the prime factors of 93205678?
2, 19, 1151, 2131
What are the prime factors of 3097473906?
2, 3, 516245651
What are the prime factors of 178688459?
29, 61, 83, 1217
What are the prime factors of 1400077358?
2, 19, 36844141
What are the prime factors of 60354382?
2, 11, 2743381
List the prime factors of 636588824.
2, 79573603
List the prime factors of 682037243.
19, 37, 431, 2251
List the prime factors of 227668120.
2, 5, 1499, 3797
List the prime factors of 28322556.
2, 3, 787, 2999
List the prime factors of 1735786460.
2, 5, 6719, 12917
List the prime factors of 43677765.
3, 5, 251, 1289
List the prime factors of 751659757.
23, 73, 447683
List the prime factors of 11806645.
5, 601, 3929
List the prime factors of 156822813.
3, 7, 53, 67, 701
List the prime factors of 1040302486.
2, 919, 565997
What are the prime factors of 32286045?
3, 5, 11, 419, 467
List the prime factors of 157166798.
2, 78583399
List the prime factors of 5060746039.
5060746039
What are the prime factors of 743555229?
3, 59, 4200877
What are the prime factors of 196236247?
196236247
What are the prime factors of 3817062140?
2, 5, 190853107
What are the prime factors of 34090380?
2, 3, 5, 189391
List the prime factors of 1383735569.
1383735569
List the prime factors of 2242255558.
2, 1121127779
What are the prime factors of 3835658099?
7, 13, 17, 97, 25561
List the prime factors of 85478959.
71, 1203929
List the prime factors of 217385192.
2, 27173149
List the prime factors of 539006270.
2, 5, 11, 4900057
List the prime factors of 980003084.
2, 521, 470251
List the prime factors of 526305908.
2, 37, 3556121
List the prime factors of 15656367.
3, 619, 8431
What are the prime factors of 2953440433?
113, 509, 51349
What are the prime factors of 584456559?
3, 43, 4530671
What are the prime factors of 6377878893?
3, 35597, 59723
What are the prime factors of 5048740213?
11, 61, 7524203
List the prime factors of 4277943079.
751, 5696329
List the prime factors of 32030317.
11, 2911847
List the prime factors of 144617856.
2, 3, 376609
List the prime factors of 812682983.
7, 16585367
List the prime factors of 260008691.
1291, 201401
What are the prime factors of 1223468029?
7, 227, 769961
List the prime factors of 319608377.
11, 3347, 8681
What are the prime factors of 845569540?
2, 5, 19, 2225183
What are the prime factors of 33833411?
33833411
List the prime factors of 218163288.
2, 3, 7, 29, 6397
What are the prime factors of 3103243?
11, 13, 21701
List the prime factors of 1181983845.
3, 5, 7, 947, 11887
List the prime factors of 4228150.
2, 5, 103, 821
What are the prime factors of 7789899?
3, 13, 199741
What are the prime factors of 102559948?
2, 19, 1349473
What are the prime factors of 610288262?
2, 15683, 19457
What are the prime factors of 525680703?
3, 58408967
What are the prime factors of 41306855?
5, 17, 19, 255